se 0 = -5*q - 4*s - y, -q = -4*s - s + 60. What is the units digit of 2/10 + (-192)/q?
5
Let p(z) = -5*z + 4. Let b be p(-14). Suppose -b - 35 = -r. What is the hundreds digit of r?
1
Suppose 5*r = 5*w - 2840, -w - r = -3*r - 567. What is the tens digit of w?
6
Let f(x) be the first derivative of x**4/4 - 4*x**3/3 - 3*x**2/2 - 16*x + 37. What is the hundreds digit of f(7)?
1
Let o(s) = -2*s**3 - 18*s**2 - 4*s - 15. Let v be o(-9). Suppose 3*t = -13 + 4. Let g = v - t. What is the tens digit of g?
2
Suppose 4*i - 2*x = 0, 0*i - 5*i = 4*x - 26. Let v(y) be the second derivative of 7*y**3/6 - y**2 + y. What is the units digit of v(i)?
2
Suppose -14*g + 16057 = -9577. What is the thousands digit of g?
1
Suppose 4*p - 5*t + 35 = -2*t, -p + 5*t = 13. What is the tens digit of (287 + -1)*(-4)/p?
4
Let r = 103 + -62. Let t = r - 0. What is the units digit of t?
1
What is the tens digit of (-5206)/(-18) + -4 - (-10)/(-45)?
8
Suppose -33560 = -12*n - 2132. What is the tens digit of n?
1
Let r = 191 + 750. What is the tens digit of r?
4
Let t = 82 - 58. Let c = 37 - t. Let g = -6 + c. What is the units digit of g?
7
Suppose -y + 22 = -3*q, 4*q = 3*y - 7*y + 120. Let u = y - -125. What is the hundreds digit of u?
1
Let u be (-62)/(-14) - (-12)/21. Suppose 4*j - 5*n - 20 = 0, -u*j + 3*n + 16 + 9 = 0. What is the units digit of j?
5
Let s = -63 + 0. Let g(x) = 3*x**3 + 3*x + 2. Let o be g(-2). Let c = o - s. What is the tens digit of c?
3
Let a = -9 - -64. Suppose -v - v - r - 66 = 0, -2*r - 39 = v. Let t = v + a. What is the units digit of t?
4
Suppose -2*n - 302 = -j, 8*n = 13*n - 10. What is the units digit of j?
6
Let l(i) = 142*i + 2. Let v be l(1). Suppose -r = r - v. What is the units digit of r?
2
Let c(s) = 238*s + 148. What is the tens digit of c(3)?
6
Let p(t) = 3*t - 10. Let l be p(-5). Let g = l - -31. What is the units digit of g?
6
Let k be 3 - 32/(1 - -1). Let n = k - -25. What is the units digit of (3 + -2)/(1/n)?
2
Suppose i + y = 3*y - 5, 2*y - 7 = 3*i. Let j be i + (1 - 2/1). What is the units digit of (-130)/(-14) - j/(-7)?
9
Suppose -116*u = -87190 - 306050. What is the units digit of u?
0
Let y(d) be the third derivative of d**5/60 - d**4/24 - 5*d**3/6 - 4*d**2. Let i be y(-4). Let q = 28 - i. What is the tens digit of q?
1
Suppose -67*j + 32390 = -57*j. What is the hundreds digit of j?
2
Let c(y) = -2*y - 6. Let v be c(-2). What is the hundreds digit of v/(2 - (-1 + (-682)/(-226)))?
1
Let t = 113 + 12. Let f(n) = 2*n**2 + 2*n + 7. Let u be f(-6). Suppose t = 6*g - u. What is the units digit of g?
2
Let w = -25 + 32. Suppose -4*z + 5 + w = 0. What is the units digit of z?
3
Let h = -6 - -2. Let v = h + 12. Let b(a) = a**2 - 4*a - 5. What is the tens digit of b(v)?
2
Suppose -3*q - 7 = -4*q. Let l(n) = -n**2 - 2 - 3 + 7 - q*n. What is the units digit of l(-6)?
8
Let d(w) = 245*w**3 - 4*w**2 - 2*w + 14. What is the thousands digit of d(2)?
1
What is the tens digit of 4 + 2/2*-5 + 404?
0
Suppose 0 = -53*m + 46*m + 1904. What is the hundreds digit of m?
2
Suppose 6*w - 3199 = 293. What is the hundreds digit of w?
5
Let b = -576 - -912. Let j = -218 + b. What is the tens digit of j?
1
What is the tens digit of ((-7)/(-4)*62)/((-6)/(-156))?
2
Let s(g) = -g**3 + 8*g**2 - 4*g + 8. Let u be 49/8 - (-2)/(-16). What is the units digit of s(u)?
6
Suppose -4*j + 3*j = -5*f + 561, 125 = f + 3*j. What is the tens digit of f?
1
Let s(b) = 158*b - 116. What is the thousands digit of s(11)?
1
Let m(f) = 17*f + 148. What is the units digit of m(40)?
8
Let m(l) = -l**3 - 4*l**2 + 2*l + 2. Let s be m(2). Let v = s - -33. What is the units digit of v?
5
Let j(m) = 5*m**3 + 9*m**2 + 7*m + 285. Let b(c) = -3*c**3 - 5*c**2 - 4*c - 142. Let d(q) = 7*b(q) + 4*j(q). What is the hundreds digit of d(0)?
1
Let w = -622 - -1236. What is the tens digit of w?
1
Let s be 284/(-18) + 30/(-135). Let i = s - -40. What is the units digit of i?
4
Suppose 24*s = 28*s - 1544. What is the hundreds digit of s?
3
Suppose 7 = 3*i - 5. Suppose -31 = -4*o + 3*s, -4*o + s = i*s - 25. What is the units digit of o?
7
Suppose -3*n - 375 = -3*w - 6*n, 274 = 2*w - 4*n. Let h be (10/6)/((-75)/(-90)). Suppose -3*q + h*b = -w, 3*q + 5*b + 24 - 153 = 0. What is the tens digit of q?
4
Suppose -66*w + 448 = -59*w. What is the tens digit of w?
6
Suppose q - 4 - 10 = -3*n, 8 = 2*n + 2*q. Suppose -2*j + n = -j. Suppose 4*u = 5*h + 17, j*u = 5*h + 27 - 7. What is the units digit of u?
3
Let j(s) be the third derivative of 4*s**2 + 0*s + 1/8*s**4 + 0 + 1/6*s**3. What is the units digit of j(1)?
4
Suppose 4*f = -0*f + 8. Suppose -3*j = 3*x - 0*j - 9, 3*x - 21 = 3*j. Suppose f*l + x*p + 11 = 0, 4*p = 5*p + 5. What is the units digit of l?
7
Suppose 0 = 3*h + h - 8. Suppose h*v - s = 3, v + 9 = -4*v - 3*s. Suppose -54 = -3*d - v*d. What is the units digit of d?
8
Let t(l) = -l**3 - 20*l**2 + 33*l - 59. What is the tens digit of t(-23)?
6
Suppose -22*h = -103765 - 21107. What is the thousands digit of h?
5
Let s = 600 + -439. What is the tens digit of s?
6
Let z be 0 - (-2)/(8/36). Let i be (-3 + z)/(-2) + 13. What is the tens digit of (32/20)/(1/i)?
1
Let p(z) = -z**2 - 4*z - 5. Suppose 5*d = 2*d - 18. Let y be p(d). Let s = y + 22. What is the units digit of s?
5
Let h = -9 + 14. Let u(j) = -j**2 + 3*j + 100. Let d be u(9). Suppose h*f - 4*f = d. What is the units digit of f?
6
Suppose -2*x = -25*o + 28*o - 2656, -888 = -o - 2*x. What is the tens digit of o?
8
Let f = 13 - 87. Let i = 42 + f. Let x = i + 54. What is the tens digit of x?
2
Let i(t) = -t**2 + 13*t - 12. Let m be i(12). Suppose m = 5*v + 4*v - 1683. What is the tens digit of v?
8
Let t(b) = b + 18. Let o be t(-13). Suppose -2*c + 3*x + o = 0, 0 = -0*c + 5*c - 3*x - 8. What is the units digit of c*(7 - 0/4)?
7
Let o(n) = -n - 1. Let h(s) = 11*s + 16. Let x(k) = -h(k) - 5*o(k). What is the tens digit of x(-4)?
1
Let t(w) = 1320*w - 1320. Let k(u) = 22*u - 22. Let m(h) = 121*k(h) - 2*t(h). What is the hundreds digit of m(6)?
1
Let g(w) = -20*w - 16. Let j(p) = -2*p + 2. Let o be j(4). Let t be g(o). Suppose t + 216 = 5*r. What is the tens digit of r?
6
Suppose 5*d + 930 = 5375. What is the units digit of d?
9
Suppose 4*n - 229 = 183. Suppose f = 2*b + n, -3*f + b + 301 = 17. What is the tens digit of f?
9
Suppose 1590 = -0*g + 6*g. What is the units digit of g?
5
Let j be 3/(21/3362) - 6/21. Suppose -11*b + 5*b = -j. What is the tens digit of b?
8
Suppose -4*h - 32 = 2*v, -47 = 3*v - h - 13. What is the tens digit of 2*(v/32)/(2/(-632))?
3
Let z = -100 - -102. Suppose z = -7*a + 58. What is the units digit of a?
8
Suppose 0 = 3*c - 0*c - 5*b, -c + b = 0. Let h = c - -2. What is the units digit of h?
2
Let l = -26 + 30. Suppose 0 = 4*w + a - 4*a - 145, 0 = l*w + 2*a - 170. What is the units digit of w?
0
Let i = 6203 + -3247. What is the units digit of i?
6
Let n(h) = 20*h**2 - 15*h - 18. What is the units digit of n(-6)?
2
Suppose 0 = -163*h + 24*h + 264239. What is the thousands digit of h?
1
What is the units digit of 3/((-6)/(-10)) + (75 - -354)?
4
Suppose 3*r - 5*u = 1475, 129 + 364 = r - u. What is the hundreds digit of r?
4
What is the units digit of (-34)/(-30) - 1 - 40041/(-405)?
9
What is the hundreds digit of 424 + 6/9*(-12)/8?
4
Let l = -77 + 88. Suppose 4*t + 791 = l*t. What is the hundreds digit of t?
1
Suppose y - 65 + 22 = -5*h, -6 = 2*h. What is the units digit of y?
8
Suppose 9*o + 10*o - 14250 = 0. What is the tens digit of o?
5
Suppose 23263 = 41*n - 42829. What is the units digit of n?
2
Let a = 794 + -632. What is the hundreds digit of a?
1
What is the hundreds digit of 52528/77 + 2 + 2/(-11)?
6
Let n = -115 + 1452. What is the tens digit of n?
3
What is the hundreds digit of (-11)/((-1 - -3)*41/(-14678))?
9
Suppose 0 = -r - r + 8. Let n = r - 0. What is the units digit of n?
4
Let z(m) = m**2 + 11*m + 11. Let b be (-12)/8*(-16)/(-3). Let n be z(b). Let u = 19 + n. What is the units digit of u?
6
Let n = 1396 - 739. What is the units digit of n?
7
Let v(o) = -o**2 + 13*o. Let t be v(13). Let b = 12 + t. What is the tens digit of -3 - -18*b/8?
2
Let c = 8 + -12. Let v(p) = 2*p**2 + 5*p - 4. Let r be v(c). Let d(h) = 2*h + 1. What is the tens digit of d(r)?
1
Let w be (-12)/(-7) - (-18)/63. Let a be 41/w + 4/8. What